 -2*l - q + 21. Calculate the remainder when 22 is divided by l.
6
Suppose 4*t + m - 62 = 0, 4*t = -0*t - 2*m + 64. Calculate the remainder when t is divided by 8.
7
Let x = -9 + 12. What is the remainder when x is divided by 3?
0
Let l = -17 + 24. Let w = 1 + l. What is the remainder when 23 is divided by w?
7
Suppose 3*w - 29 = 1. Let v = 19 - w. What is the remainder when v is divided by 6?
3
Let g = 57 + -39. Let p be (g/(-2))/(3/8). Let m = p + 45. Calculate the remainder when m is divided by 11.
10
Suppose 2 = -h, 4*b - 2*b + 12 = -5*h. Let q be b - 17*-2 - -2. Suppose -q = -5*r + 15. Calculate the remainder when 28 is divided by r.
8
What is the remainder when (33/12 + 0)*12 is divided by ((-12)/(-5))/(4/30)?
15
Suppose 2*u = -u + 3*x + 12, -3*u - 4*x + 47 = 0. Calculate the remainder when u is divided by 4.
1
Let t(l) = l**2 + 5*l - 4. Let r = -9 - -2. What is the remainder when 29 is divided by t(r)?
9
Let s(a) = 2*a**2 + 3*a - 3. Suppose 2*p - 2*x = 3*x + 41, -3*x = 4*p - 121. Suppose -p = -3*c - 1. What is the remainder when c is divided by s(-3)?
3
Suppose 2*u - 2*o = 30, -2*o - 13 = -5*u + 62. Let b = 51 - 22. What is the remainder when b is divided by u?
14
Suppose -3*s - 435 = -8*s. What is the remainder when s is divided by 22?
21
Let u = -9 + 5. Let c = 53 + -24. Let a = c + u. What is the remainder when a is divided by 13?
12
Let t(g) = -g + 10. Let q be t(7). Let o = q - 1. Suppose -r - 4 = 0, -57 - 141 = -5*k + o*r. What is the remainder when k is divided by 13?
12
Let f(y) = y**2 + 2*y - 10. Let s = 24 + -10. What is the remainder when f(5) is divided by -1 + (s*1 - 0)?
12
Let a(v) = -15*v - 34. Calculate the remainder when 159 is divided by a(-5).
36
Let i = 68 + -47. What is the remainder when 83 is divided by i?
20
Suppose -r - 2*f - 12 = -2*r, 0 = -5*r + f + 15. Let a(h) = h**2 + 5*h. Let v be a(-6). Let s = v - 2. Calculate the remainder when s is divided by r.
0
Suppose 6*y - 76 = 2*y. Let j be (7 + 0)/(3/(0 - -3)). Suppose -8*x + j*x = -y. Calculate the remainder when x is divided by 7.
5
Suppose -f + 2*k - 6 + 43 = 0, 5*k + 43 = f. What is the remainder when 64 is divided by f?
31
Let f = -122 + 177. What is the remainder when f is divided by 19?
17
Suppose 6*u = -v + 2*u + 22, v - 5*u = -5. Let h = v + 28. What is the remainder when h is divided by 20?
18
Suppose n = -2*k + 83, 3*k + 5*n - 5 = 102. What is the remainder when 130 is divided by k?
42
Suppose -2*t = -4*t + 2. Let k = 47 - 46. What is the remainder when t is divided by k?
0
Suppose -44 = -5*f + 3*f + 4*r, 4*f - 61 = -r. Calculate the remainder when 74 is divided by f.
10
Calculate the remainder when 56 is divided by 28/4 + 9 + -6.
6
Let d(j) = j**2 - 2*j. Let b be d(4). Suppose -a = -5*a + b. What is the remainder when 5 is divided by a?
1
Suppose 0 = -2*s - 2*s. Suppose -3*w - 18 = -2*l, s*l - 7 = 3*l + 4*w. What is the remainder when l is divided by 2?
1
Let n(a) be the third derivative of 3*a**2 + 0 + 0*a - 1/8*a**4 - 1/3*a**3. Calculate the remainder when 24 is divided by n(-5).
11
Suppose z + 3*z - 22 = 2*c, 2*z + 3*c + 9 = 0. What is the remainder when 6 is divided by z?
0
Suppose -s + 0*s = -228. Calculate the remainder when s is divided by 23.
21
Let o be -3 + ((-8)/(-4) - -6). Suppose 3*x - 21 = 5*g, 0*g - g - 57 = -o*x. Calculate the remainder when x is divided by 3.
0
Let m(b) = 0 - 3*b + b**2 + 6*b + 1. Suppose 10*w - 21 = 3*w. What is the remainder when 55 is divided by m(w)?
17
Let t = -4 - -9. Let s be -2 - (11 + (-2 - -2)). Let c = 22 + s. What is the remainder when c is divided by t?
4
Let c(d) = d + 3 + 4 + 0*d. Let p be c(-5). Suppose p*i + 5*h - 113 = 0, -3*h = h - 12. Calculate the remainder when i is divided by 17.
15
Suppose -10 + 37 = 3*d. Let m(i) = i + 7. Suppose 12 + 6 = 3*y. What is the remainder when m(d) is divided by y?
4
Let i be 5/20 + 74/(-8). Let m = 23 + i. What is the remainder when m is divided by 8?
6
Suppose 2*j - 5*s - 107 = -2*s, j - 46 = -s. What is the remainder when j is divided by 25?
24
What is the remainder when 98 is divided by ((-1254)/95)/(2/(-5))?
32
What is the remainder when 154 is divided by (3 + -1)/((-5)/(-620)*8)?
30
Suppose 0*o = o - 3. Suppose -135 = -5*v + q, o*v - v + q = 54. Calculate the remainder when v is divided by 14.
13
What is the remainder when 19*(6 - 3)/3 is divided by 11?
8
Let h be -5 + (0 - -2) - -7. Suppose h*n - t = 52, -n + t + 6 = -t. Calculate the remainder when n is divided by 4.
2
Suppose -23 = 3*n + 2*u, 6*n - 3*u = n - 70. Let m = n - -15. Suppose -120 = -m*z - 4*q, -3*q + 1 = -5. What is the remainder when z is divided by 10?
8
Suppose 2*t + 7 - 21 = 0. What is the remainder when (4 + -3)*5*t is divided by 12?
11
Suppose 2*i - 54 = -3*t + 3, i = 4*t + 23. Suppose i - 7 = 5*z. Calculate the remainder when 11 is divided by z.
3
Let v be 9/(-3) - 16/(-2). Let s be (6/v)/(8/280). Let t = s - 14. What is the remainder when t is divided by 10?
8
Suppose 5*k = k + 16. Suppose 30 - 2 = k*u. Suppose 2*p - 11 = 13. Calculate the remainder when p is divided by u.
5
Suppose 18*g - 13*g = 65. What is the remainder when g is divided by 7?
6
Let d(w) = -w**3 + 6*w**2 - 3*w - 1. Suppose 5*h = 5*q - 15, -2*h - 1 = -3*q - 3*h. Let s(b) = 49*b**3 + 1. What is the remainder when s(q) is divided by d(3)?
16
Suppose 3*u = 158 + 103. What is the remainder when u is divided by 23?
18
Suppose 5*h = -3*w + 89, w = -h - 3*w + 28. Calculate the remainder when h is divided by 8.
0
Let l be (-1)/3 - (-6)/(-9). Calculate the remainder when 40/3 - 2/(-3) is divided by l + (2 - -9 - 2).
6
Suppose 4*p - 8 = 24. Let a = -4 + p. Let z = 23 + -16. What is the remainder when z is divided by a?
3
Let u = 2 + -3. Let m = 15 - u. What is the remainder when 30 is divided by m?
14
Let y = 29 + -14. What is the remainder when (0 - y/6)*-14 is divided by 12?
11
Suppose 4*m - 16 = -4*c - 4, -5*m = -3*c - 23. Let a(s) = -12*s. Calculate the remainder when (34 + 1)*c/(-1) is divided by a(-1).
11
Suppose 5*k = -k + 72. Calculate the remainder when 58 is divided by k.
10
Let h(k) = 2*k**2 + 33*k - 25. Calculate the remainder when h(-19) is divided by 21.
7
Let u = 10 + -3. Let w(p) = -p**2 - 7*p + 4. Suppose -3*q + 9 - 30 = 0. Calculate the remainder when u is divided by w(q).
3
Let u = -50 + 106. What is the remainder when u is divided by 15?
11
Suppose f + 3*g + 6 = 0, 5*f - 2*f = 2*g + 37. What is the remainder when 35 is divided by f?
8
Suppose -5*h = -11 - 34. Let x = -3 + h. What is the remainder when x is divided by 4?
2
Suppose -4*u + 591 = c, 3*u - 4*c - 586 = -138. What is the remainder when u is divided by 25?
23
Let n be 4/(-18) - 33/(-27). Let v be n/((-1)/24*-3). Let k(q) = -q**2 + 9*q + 9. What is the remainder when k(v) is divided by 5?
2
Suppose 9 = -y + 2*y. Let s(m) = 3*m**2 + 2. Let c be s(2). Let h = 39 - c. Calculate the remainder when h is divided by y.
7
Suppose -20 + 29 = 3*g. What is the remainder when 17 is divided by g?
2
Let p(i) = -i**3 + i**2 + 4. Let s be p(0). Let q be ((-3)/(12/32))/(-2). Let r = s + q. Calculate the remainder when 14 is divided by r.
6
Let h(p) be the second derivative of p**4/6 + 4*p. Let f be h(-1). Suppose 3*g = -f*g + 130. Calculate the remainder when g is divided by 9.
8
Let t(s) be the third derivative of -5*s**4/24 - 4*s**3 + 5*s**2. Let b(r) = 7*r - 4. What is the remainder when b(3) is divided by t(-6)?
5
Let v(d) = -d**3 - 4*d**2 + 4*d - 7. Let w be v(-5). Let x = 5 - w. Let q(h) = h**2 - h + 1. Calculate the remainder when q(4) is divided by x.
6
Calculate the remainder when 11/(-33) + 80/6 is divided by 7.
6
Calculate the remainder when 7 is divided by (-32)/(-4)*(-1)/(-2).
3
Let x(k) = 5*k**2 - 44. Let v(l) = l**2. Let d(c) = 4*v(c) - x(c). Calculate the remainder when d(0) is divided by 16.
12
Let v = -4 + 8. Let f = -1 + 4. Calculate the remainder when 135/12 - 1/v is divided by f.
2
Suppose 0 = 3*s - 3 - 18. Calculate the remainder when 1/2 - (-159)/6 is divided by s.
6
Suppose 4*z = -n + 535, 0 = 3*z + 7*n - 3*n - 385. Suppose 7*b = 4*b + z. Suppose -2*o + b = 3*o. Calculate the remainder when 17 is divided by o.
8
Let d(y) = -y. Let v(i) = -i - 8. Let r(q) = 4*d(q) - v(q). Calculate the remainder when r(-9) is divided by 12.
11
Let u(y) = 17*